= 7*k - 165. Calculate the highest common factor of 65 and k.
13
Suppose 5*y + 3*v = 628, -3*v + 8*v - 130 = -y. What is the greatest common divisor of 50 and y?
25
Suppose 0 = 2*d + 41 - 161. What is the greatest common factor of 20 and d?
20
Suppose 3*l = 154 - 22. Let r be (0 - (-2)/1) + 64. What is the greatest common divisor of l and r?
22
Let d be (-2)/1 - (-1 + -5). Let h(k) = -4*k. Suppose 0 + 3 = -3*r. Let n be h(r). What is the greatest common factor of n and d?
4
Let o(x) be the first derivative of -x**3/3 - 4*x**2 + 4*x + 3. Let p be o(-8). Calculate the greatest common factor of 1 and p.
1
Let n(m) = -m**2 + 7*m - 3. Let x be n(6). Suppose g = x*u - 14, -2*u + 1 + 3 = 2*g. Let f = 8 + -4. Calculate the greatest common divisor of u and f.
4
Let s(t) = t**3 + 5*t**2 + 3*t + 2. Let w be s(-4). Let v be -1*3/w*-38. Let c = 41 - v. What is the greatest common divisor of 2 and c?
2
Let l(k) = 8*k - 66. Let q be l(9). What is the greatest common factor of 24 and q?
6
Suppose -2*z = -5*c + 20, 3*c + 17 = 5*z + 48. Suppose -2*p + 12 = 5*d, p - c*d = 3*d + 6. Calculate the greatest common factor of p and 48.
6
Let u(l) = -2*l + 4. Let x be 18/2*1/3. Suppose g - x*o + 11 = 0, 2 = -g - 4*o + 5. Let b be u(g). What is the highest common factor of 56 and b?
14
Let p(v) = 42*v**2 + 4*v + 3. Let w be p(-2). Let n = -103 - -8. Let l = w + n. What is the highest common factor of l and 17?
17
Let v = 138 + -78. Let h be (2 - 11)*(-4 + 0). Suppose 0 = -4*q + 4*a + h, -5*a + 0*a + 75 = 5*q. What is the greatest common factor of q and v?
12
Suppose 16 + 17 = 11*a. What is the highest common divisor of a and 33?
3
Let d(m) = -2*m + 27. Let l be d(12). Let y = -4 - -6. Suppose y*o = -2*o + 4. What is the greatest common factor of l and o?
1
Let v be 66*3 - (-2 + 0). Suppose 5 = 4*m - 75. Calculate the greatest common divisor of m and v.
20
Let d = 2 + 1. Let p be 5 + d - 2 - 3. Suppose 0 = 4*t - 3*g - 886, p*t + 3*g - 566 = 88. What is the highest common divisor of t and 20?
20
Let w(q) = 0*q**2 - 3*q**3 - q**2 + q + 6 + 2*q**3. Let k be w(0). Calculate the highest common factor of 54 and k.
6
Suppose -4*j = -9*j + 15. Suppose -j*v + 100 = 2*v. What is the highest common factor of v and 140?
20
Let u(f) = -19*f - 6. Suppose 2*p = 6*p + 16. Let s be u(p). What is the highest common divisor of 10 and s?
10
Let k be -5*(3 - -1*476/(-20)). Let t = 12 + 1. What is the greatest common factor of t and k?
13
Suppose 6*c - 104 = 28. What is the greatest common factor of c and 44?
22
Let m be 5*((-18)/15 - 0). Let b(v) = -v - 3. Let u be b(m). Suppose 2*p = 4*l + 36, -3*p + 6*l = u*l - 69. Calculate the highest common divisor of 4 and p.
4
Let b be (-1)/(1*3/(-21)). What is the highest common factor of 49 and b?
7
Let k be (-3)/(-6)*(48 - 0). Suppose g = k - 12. Let b be -1 - (-61)/((-2)/(-2)). What is the greatest common divisor of g and b?
12
Let v be (-17)/(-6) + 2/12. Suppose 13 = v*w - 32. What is the highest common divisor of w and 3?
3
Let f(u) be the first derivative of -u**4/4 - 5*u**3/3 + 5*u**2/2 + 4*u - 10. Let s be f(-6). What is the highest common factor of 50 and s?
10
Let d be 10/50 + (-28)/(-10). Let y be 4/(-10) + (-28)/5. Let z be y*d/6 + 11. What is the greatest common factor of z and 72?
8
Suppose 8*n = 14*n - 1008. Let x be 1/(-2*(-2)/84). What is the highest common divisor of x and n?
21
Suppose -4*d = -u - 3*u + 24, 24 = 5*u - 2*d. Suppose -u*t + 9*t = 10. Calculate the highest common factor of 6 and t.
2
Let u be 126/10 - 6/10. What is the greatest common factor of 3 and u?
3
Suppose -5*u + 950 = 5*n, -5*n + 569 = -2*n + 2*u. Suppose t + 6 = 3, 4*t - 123 = -5*i. Calculate the highest common factor of n and i.
27
Let j(l) = l + 5. Let z be j(-3). What is the highest common factor of 5 and z?
1
Let r(z) = z - 3. Let p = -6 + 12. Let v be r(p). Let s(b) = 2*b**3 - 2*b**2 - 2*b + 2. Let h be s(2). Calculate the greatest common divisor of v and h.
3
Suppose 5*x - 12 = x. Suppose x*b + 2*b = -5*g + 15, -3 = -4*g + 5*b. Suppose 2 = 3*i - 13. Calculate the greatest common divisor of g and i.
1
Let p = -77 - -33. Let b be 2/(-11) + 80/p. Let a = 4 + b. Calculate the greatest common factor of 2 and a.
2
Suppose -5 = 3*n - 29. What is the highest common factor of 88 and n?
8
Let v(p) = 6*p - 7*p - 4 + 5 + 28*p**2. Let d be v(1). Suppose 0 = -t + 5*f + 12, 3*t - 19 = 4*f + d. What is the highest common divisor of t and 17?
17
Let a = -5 + 2. Let s(c) = c**2 - 3*c + 2. Let m be s(a). Let q be (-162)/(-8) + 1/(-4). Calculate the greatest common divisor of m and q.
20
Let x be 0 + (8 - (0 - 0)). Let b = 51 + -31. Calculate the greatest common factor of b and x.
4
Let p(u) = -8*u - 24. Let a = -19 + 9. Let t be p(a). What is the greatest common divisor of 14 and t?
14
Let c = -5 - -5. Let f be (c + 4)*(-12)/(-16). Calculate the highest common factor of 6 and f.
3
Let g be -1 + 16/(-4) - -26. Calculate the highest common divisor of 21 and g.
21
Let y(t) = t**3 + 6*t**2 + 5*t. Let k be y(-5). Let i = 7 + k. What is the highest common divisor of i and 56?
7
Let l = -40 + 94. Let d(a) = 9*a. Let m = 1 + 1. Let x be d(m). Calculate the highest common divisor of l and x.
18
Let n = -47 - -133. Suppose 2*p + 6 = -z + n, p = 5*z - 345. Suppose -147 = -2*w - 5*v + z, 5*w + 5*v = 580. What is the highest common factor of w and 11?
11
Suppose 4*b - 2*o - 8 = 3*o, 0 = 5*o. What is the highest common factor of 16 and b?
2
Let d = -1 + 3. Let n be (d - 3) + 2 + 6. Let g = 4 - -10. Calculate the highest common divisor of n and g.
7
Let j be 58 - ((-15)/(-5) + 1). Calculate the greatest common factor of j and 18.
18
Suppose -c = -4*y + 8, -5*y + 22 = 2*c - 1. What is the greatest common divisor of y and 1?
1
Let h(i) = -i**3 + 5*i**2 - 2*i - 5. Let g be h(4). Suppose 3*a = 2*a - y + 7, g*y - 41 = -5*a. What is the highest common divisor of a and 2?
2
Let r = -174 + 334. Suppose -33 - 15 = -2*w - 4*h, 3*h = 5*w - 94. Calculate the highest common factor of w and r.
20
Let s(d) = d**3 + 3*d**2 + d + 1. Let c be s(-4). Let j(a) = -a**3 - 6*a**2 - 6. Let i be j(-5). Let y = c - i. What is the highest common divisor of y and 48?
12
Let q(c) be the third derivative of 2*c**5/3 - c**4/24 + c**3/6 + 8*c**2. Let d be q(1). What is the greatest common factor of 60 and d?
20
Let z(y) = -1 + 5 - 2 + 4*y + 2. Let h be z(3). What is the greatest common divisor of h and 4?
4
Suppose a - 4 = 0, 7*n - 2*a - 4 = 3*n. Suppose 0 = w - n*w + 28. What is the highest common divisor of 126 and w?
14
Suppose 0 = 4*b - 1 - 11. Suppose -145 = -b*d + r, -d + 5*r = -28 - 25. What is the greatest common divisor of d and 12?
12
Suppose 45 - 15 = 3*n. Let u = 62 - 37. Calculate the highest common factor of u and n.
5
Suppose -192 = -9*v + v. Let j(u) = -u**3 - 6*u**2 - 4*u. Let z be j(-6). What is the highest common factor of z and v?
24
Let i = 55 + -46. Let d be (85 + -1)*(-3)/(-4). Calculate the highest common divisor of d and i.
9
Let p = 84 - 57. Let d = p + -11. Let v(k) = 4*k**2 + 2*k - 2. Let t be v(3). Calculate the greatest common factor of t and d.
8
Suppose 5*u - z = 25, -3*z = 3*u - 2*u + 11. Suppose 0 = -4*g + u*l + 56, 4*g = -5*l + 23 + 15. Calculate the greatest common divisor of 8 and g.
4
Suppose v = -5*f + 336 + 117, f - 85 = -3*v. Calculate the highest common factor of 7 and f.
7
Suppose 3*l + l - 8 = 0. Let f = 230 + -214. What is the highest common divisor of l and f?
2
Suppose 3*i + 9 = 30. What is the greatest common factor of 28 and i?
7
Let u = 210 - -18. What is the greatest common factor of u and 12?
12
Let j(a) = 24*a**3 + 2*a**2 - a. Let y be j(-2). Let c be y/(-10) + 5/(-25). What is the greatest common factor of 2 and c?
2
Let o(v) = -v**3 + 7*v**2 - v + 5. Let h be o(6). Let g(f) = -f**2 + 6*f + 12. Let u be g(7). Calculate the highest common factor of h and u.
5
Let i be (-170)/(-4) + 1/(-2). Let n be 3/2*7*8/6. Calculate the highest common divisor of i and n.
14
Suppose -980 = 2*r - 9*r. What is the greatest common divisor of 56 and r?
28
Let g(r) = -3*r + 5. Let d be g(4). Let x be (-198)/d + 8/(-28). What is the greatest common factor of x and 7?
7
Let h be (0/(-1) - -9)*1. Let b(m) = 3*m + 7. Let g be b(5). Let u = g + -4. What is the highest common divisor of 